it of 221188232?
2
What is the millions digit of 630051111?
0
What is the thousands digit of 192323257?
3
What is the units digit of 176963831?
1
What is the units digit of 3987260?
0
What is the millions digit of 260493032?
0
What is the units digit of 104038371?
1
What is the units digit of 196301027?
7
What is the hundred thousands digit of 13257812?
2
What is the tens digit of 1965841047?
4
What is the tens digit of 521846099?
9
What is the ten millions digit of 133287823?
3
What is the ten thousands digit of 2771289354?
8
What is the ten millions digit of 158195910?
5
What is the ten millions digit of 16693847?
1
What is the millions digit of 32461337?
2
What is the billions digit of 3461821755?
3
What is the units digit of 2139352852?
2
What is the ten thousands digit of 24538925?
3
What is the ten thousands digit of 932386829?
8
What is the units digit of 131070183?
3
What is the ten thousands digit of 110781134?
8
What is the millions digit of 4598640?
4
What is the billions digit of 2649870823?
2
What is the hundreds digit of 442390737?
7
What is the tens digit of 276052229?
2
What is the units digit of 7362051?
1
What is the millions digit of 564838318?
4
What is the ten millions digit of 2986034509?
8
What is the units digit of 272886697?
7
What is the tens digit of 128362430?
3
What is the hundred thousands digit of 1379671633?
6
What is the hundred thousands digit of 45540427?
5
What is the hundred thousands digit of 1790298204?
2
What is the ten thousands digit of 166853657?
5
What is the millions digit of 765429301?
5
What is the millions digit of 295880137?
5
What is the units digit of 431458434?
4
What is the ten millions digit of 4201068949?
0
What is the units digit of 5035086412?
2
What is the hundreds digit of 49498822?
8
What is the units digit of 146726536?
6
What is the thousands digit of 84587085?
7
What is the ten thousands digit of 218224696?
2
What is the ten thousands digit of 47675540?
7
What is the thousands digit of 1802700439?
0
What is the units digit of 570683541?
1
What is the thousands digit of 248863364?
3
What is the units digit of 8878463?
3
What is the hundred thousands digit of 142593099?
5
What is the hundred thousands digit of 141351190?
3
What is the hundred thousands digit of 1117049013?
0
What is the hundreds digit of 37498855?
8
What is the thousands digit of 155736243?
6
What is the hundreds digit of 11453424?
4
What is the millions digit of 44424649?
4
What is the hundreds digit of 1929952?
9
What is the ten millions digit of 200972680?
0
What is the thousands digit of 166471041?
1
What is the hundred thousands digit of 33964094?
9
What is the ten millions digit of 217296945?
1
What is the thousands digit of 149736916?
6
What is the thousands digit of 2133959877?
9
What is the thousands digit of 1309953728?
3
What is the millions digit of 6908186110?
8
What is the ten millions digit of 16571042?
1
What is the ten thousands digit of 36085352?
8
What is the hundred millions digit of 948323658?
9
What is the thousands digit of 327385048?
5
What is the hundred thousands digit of 268437976?
4
What is the ten thousands digit of 239677948?
7
What is the thousands digit of 6186189260?
9
What is the hundreds digit of 4970473?
4
What is the tens digit of 281106104?
0
What is the ten thousands digit of 1032041136?
4
What is the hundred millions digit of 108337097?
1
What is the ten millions digit of 3019312625?
1
What is the hundreds digit of 89195950?
9
What is the thousands digit of 6448776560?
6
What is the hundreds digit of 704304?
3
What is the thousands digit of 42942338?
2
What is the ten thousands digit of 3114057088?
5
What is the thousands digit of 48186867?
6
What is the hundreds digit of 138199200?
2
What is the hundreds digit of 26071883?
8
What is the units digit of 38470485?
5
What is the units digit of 1199471605?
5
What is the millions digit of 247990155?
7
What is the millions digit of 147833483?
7
What is the thousands digit of 49433219?
3
What is the millions digit of 90113668?
0
What is the ten millions digit of 224615575?
2
What is the ten millions digit of 488288071?
8
What is the tens digit of 350751823?
2
What is the hundred millions digit of 481801908?
4
What is the ten millions digit of 40933481?
4
What is the millions digit of 4513566208?
3
What is the millions digit of 99353436?
9
What is the thousands digit of 4299415640?
5
What is the ten thousands digit of 157336014?
3
What is the hundreds digit of 404072704?
7
What is the tens digit of 1804693485?
8
What is the hundreds digit of 1572278452?
4
What is the hundred thousands digit of 154334044?
3
What is the ten thousands digit of 56651741?
5
What is the units digit of 395437156?
6
What is the tens digit of 271494131?
3
What is the millions digit of 43476689?
3
What is the millions digit of 1164840?
1
What is the ten thousands digit of 161067031?
6
What is the ten thousands digit of 957982594?
8
What is the ten thousands digit of 104493384?
9
What is the tens digit of 153956441?
4
What is the billions digit of 3720662697?
3
What is the hundred thousands digit of 533232129?
2
What is the ten millions digit of 100305523?
0
What is the tens digit of 891483248?
4
What is the ten thousands digit of 3941446505?
4
What is the thousands digit of 128915884?
5
What is the units digit of 2375352940?
0
What is the units digit of 506778486?
6
What is the ten millions digit of 69257142?
6
What is the hundred thousands digit of 24979328?
9
What is the millions digit of 3933766022?
3
What is the tens digit of 361320493?
9
What is the hundreds digit of 953911231?
2
What is the thousands digit of 320806671?
6
What is the units digit of 150923423?
3
What is the units digit of 205333360?
0
What is the thousands digit of 598415660?
5
What is the hundreds digit of 71848670?
6
What is the ten thousands digit of 107185957?
8
What is the hundred thousands digit of 167606750?
6
What is the ten millions digit of 353114893?
5
What is the hundreds digit of 6371045?
0
What is the hundred millions digit of 2257844140?
2
What is the hundred millions digit of 2534259211?
5
What is the hundreds digit of 43555443?
4
What is the tens digit of 28352571?
7
What is the hundred millions digit of 3104630220?
1
What is the ten millions digit of 148314205?
4
What is the thousands digit of 495275659?
5
What is the units digit of 1900186659?
9
What is the units digit of 3431655965?
5
What is the ten millions digit of 382624419?
8
What is the hundred thousands digit of 461249898?
2
What is the tens digit of 23246091?
9
What is the millions digit of 23475320?
3
What is the ten millions digit of 614892838?
1
What is the tens digit of 1792402134?
3
What is the hundred millions digit of 1134054459?
1
What is the hundred thousands digit of 1281435636?
4
What is the hundreds digit of 47026019?
0
What is the hundred millions digit of 139114488?
1
What is the hundred thousands digit of 379371290?
3
What is the hundreds digit of 40186529?
5
What is the ten millions digit of 568846919?
6
What is the tens digit of 92233176?
7
What is the thousands digit of 833585278?
5
What is the ten thousands digit of 8318902?
1
What is the units digit of 13625553?
3
What is the tens digit of 526972879?
7
What is the hundreds digit of 54122589?
5
What is the millions digit of 4452004114?
2
What is the millions digit of 146358671?
6
What is the hundred millions digit of 1857249982?
8
What is the tens digit of 1477835327?
2
What is the thousands digit of 1707690901?
0
What is the ten millions digit of 50037641?
5
What is the ten millions digit of 3489998994?
8
What is the units digit of 2622028861?
1
What is the thousands digit of 12430543?
0
What is the hundred millions digit of 4574899525?
5
What is the units digit of 277818494?
4
What is the ten millions digit of 51910600?
5
What is the tens digit of 87402871?
7
What is the millions digit of 221419652?
1
What is the units digit of 371083329?
9
What is the ten millions digit of 487181066?
8
What is the ten millions digit of 58312269?
5
What is the thousands digit of 18627816?
7
What is the hundred thousands digit of 2466929824?
9
What is the hundred thousands digit of 2843167109?
1
What is the hundreds digit of 20619521?
5
What is the ten th